eatest common factor of 751525194 and 42?
42
Calculate the greatest common factor of 19362288 and 108.
12
Calculate the greatest common divisor of 17216 and 1284744.
2152
Calculate the greatest common divisor of 510 and 1517522.
34
Calculate the greatest common factor of 11368 and 16907.
29
What is the highest common divisor of 1107951049 and 591?
197
What is the greatest common factor of 485826 and 814?
22
Calculate the highest common factor of 18 and 44740476.
18
Calculate the highest common factor of 54 and 231712812.
54
What is the highest common factor of 456145305 and 330?
165
What is the greatest common divisor of 6347021 and 893?
47
What is the highest common divisor of 39849 and 168794?
37
Calculate the greatest common divisor of 107432 and 2402758.
2066
What is the highest common factor of 498949 and 265384?
677
Calculate the highest common divisor of 1469 and 4384739.
113
What is the highest common factor of 300 and 11579820?
60
Calculate the greatest common factor of 14891679 and 288.
9
What is the highest common divisor of 2840003 and 264061?
5389
What is the highest common divisor of 414356 and 74692?
284
What is the highest common factor of 350 and 734430?
10
Calculate the greatest common divisor of 3724 and 33412792.
532
Calculate the highest common divisor of 38290119 and 9669.
879
Calculate the highest common divisor of 424 and 390359840.
424
What is the greatest common factor of 4506435 and 225?
45
What is the greatest common factor of 71613654 and 84?
42
Calculate the greatest common factor of 32840 and 65659475.
4105
What is the greatest common factor of 397632 and 3848?
8
Calculate the highest common divisor of 65902 and 458138.
794
What is the highest common factor of 137577 and 3465?
33
What is the greatest common divisor of 578 and 590767?
17
Calculate the greatest common divisor of 3488100 and 607530.
2310
What is the highest common factor of 372988 and 9317?
77
What is the highest common divisor of 1632 and 33308032?
544
What is the highest common divisor of 1775823 and 1708770?
2163
What is the highest common factor of 44512 and 76492?
52
Calculate the greatest common divisor of 6180 and 114825.
15
What is the greatest common factor of 234 and 4783974?
78
Calculate the greatest common divisor of 154068243 and 21.
21
What is the highest common factor of 5961240 and 6525?
1305
What is the highest common divisor of 1847041 and 301?
7
What is the greatest common factor of 685656 and 2239938?
1926
What is the highest common factor of 42017415 and 615?
615
What is the highest common factor of 3609 and 794115?
9
What is the greatest common divisor of 40 and 352737200?
40
What is the highest common divisor of 45 and 60650665?
5
Calculate the highest common divisor of 23920 and 3390384.
368
Calculate the greatest common factor of 116585 and 41335.
35
What is the greatest common factor of 4804212 and 3126?
6
What is the greatest common divisor of 636 and 1958364?
12
Calculate the highest common divisor of 7936 and 351664.
496
Calculate the highest common divisor of 144309 and 4917.
33
Calculate the greatest common divisor of 273900363 and 132.
33
What is the greatest common factor of 1356 and 50274?
6
Calculate the highest common factor of 3881 and 148708277.
3881
What is the highest common divisor of 12395 and 1667027?
67
Calculate the highest common divisor of 355525777 and 578.
289
What is the highest common divisor of 92657952 and 216?
216
Calculate the highest common factor of 309 and 302257929.
309
What is the highest common divisor of 7403560 and 32?
8
What is the highest common divisor of 8251 and 57311?
223
What is the highest common factor of 13600783 and 147?
49
Calculate the greatest common factor of 11271288 and 504.
168
Calculate the highest common divisor of 65113 and 17879.
19
What is the highest common divisor of 34085400 and 1950?
150
What is the highest common factor of 120 and 9461955?
15
What is the greatest common divisor of 426690033 and 231?
231
Calculate the greatest common factor of 95882030 and 40.
10
Calculate the greatest common factor of 522325 and 50405.
85
What is the greatest common divisor of 307968743 and 371?
53
What is the highest common factor of 36 and 1780456?
4
What is the highest common divisor of 41054 and 704366?
26
Calculate the highest common divisor of 2517 and 299115246.
2517
Calculate the greatest common factor of 651297 and 1641.
3
Calculate the highest common divisor of 28959236 and 734.
734
What is the highest common divisor of 836 and 67586992?
44
What is the highest common factor of 6705 and 192135?
15
What is the greatest common factor of 446181039 and 9229?
839
Calculate the highest common divisor of 533 and 78215085.
533
What is the highest common factor of 68380214 and 42?
14
What is the greatest common divisor of 3182128 and 48?
16
What is the highest common divisor of 912 and 3009368?
8
Calculate the greatest common divisor of 203 and 27180772.
29
Calculate the greatest common factor of 3750 and 80720625.
1875
Calculate the highest common factor of 37739346 and 314.
314
Calculate the highest common factor of 95 and 2057065.
5
Calculate the greatest common divisor of 71750 and 322670.
410
What is the highest common divisor of 151032 and 61596?
348
What is the highest common factor of 4070 and 142010?
110
Calculate the highest common divisor of 1480 and 7447656.
296
What is the greatest common factor of 1474 and 48696538?
1474
Calculate the highest common divisor of 184 and 3007181.
23
What is the greatest common divisor of 3304 and 942592?
56
Calculate the highest common divisor of 28075 and 2155000.
25
What is the highest common divisor of 1862 and 841092?
266
What is the highest common divisor of 2360 and 101485310?
590
What is the greatest common divisor of 682 and 11542762?
22
Calculate the highest common factor of 995125 and 16447426.
7961
What is the highest common factor of 129730740 and 1977?
1977
What is the highest common divisor of 287 and 1458616?
41
What is the highest common divisor of 8166 and 893730592?
2722
Calculate the highest common divisor of 15655 and 84530738.
3131
What is the highest common divisor of 598 and 59703722?
598
Calculate the highest common factor of 14428 and 268.
4
What is the highest common factor of 117742710 and 10?
10
What is the highest common factor of 34784589 and 189?
21
What is the greatest common divisor of 8115 and 1188533720?
2705
What is the highest common factor of 60228 and 89334?
126
Calculate the greatest common factor of 5915 and 1235745.
35
What is the greatest common factor of 11076 and 49792?
4
What is the greatest common divisor of 4580553 and 73921?
2549
What is the highest common factor of 620 and 124060?
20
Calculate the greatest common divisor of 56409372 and 11778.
906
Calculate the highest common divisor of 553346350 and 150.
50
Calculate the greatest common divisor of 7259 and 177299001.
1037
What is the highest common divisor of 486 and 4547538?
18
What is the greatest common factor of 418 and 191158?
22
Calculate the highest common divisor of 310 and 28901170.
10
What is the greatest common divisor of 1505 and 125286305?
215
Calculate the highest common divisor of 6656 and 31361536.
512
Calculate the greatest common divisor of 770599 and 1720204.
2183
What is the greatest common factor of 121 and 20928446?
11
Calculate the highest common factor of 44933 and 121437.
131
What is the greatest common divisor of 191553 and 335?
67
Calculate the highest common divisor of 280 and 532595.
35
Calculate the highest common factor of 2442324 and 24.
12
What is the greatest common divisor of 16814 and 2636074?
14
Calculate the greatest common divisor of 6075 and 68837850.
2025
What is the greatest common divisor of 7325 and 2135545150?
7325
What is the greatest common factor of 660 and 37030092?
132
Calculate the greatest common divisor of 37530 and 7047.
27
What is the greatest common divisor of 866062 and 152972?
334
What is the highest common divisor of 144 and 255257712?
144
What is the greatest common divisor of 319144 and 197456?
2296
What is the greatest common divisor of 2712388 and 98?
14
What is the greatest common divisor of 52604 and 8006?
2
Calculate the highest common divisor of 2806655 and 1435